{"id":20616,"date":"2024-04-21T19:07:45","date_gmt":"2024-04-21T17:07:45","guid":{"rendered":"https:\/\/mamzellepacotille.com\/mamzellehadmin\/?post_type=product&#038;p=20616"},"modified":"2024-04-21T19:07:45","modified_gmt":"2024-04-21T17:07:45","slug":"collection-tutti-frutti-gariguette-les-boucles-doreilles","status":"publish","type":"product","link":"https:\/\/mamzellepacotille.com\/mamzellehadmin\/index.php\/produit\/collection-tutti-frutti-gariguette-les-boucles-doreilles\/","title":{"rendered":"Collection &#8220;TUTTI FRUTTI GARIGUETTE&#8221; &#8211; Les Boucles d&#8217;oreilles &#8211;"},"content":{"rendered":"<h3>Mat\u00e9riaux :<\/h3>\n<ul>\n<li>\n<div>*Cabochons peints \u00e0 la main (base en nacre recouverte de feuille d&#8217;or) &#8211; pi\u00e8ce unique &#8211; , cristaux, goutte c\u00e9ramique, fraises en porcelaine froide model\u00e9e \u00e0 la main, montage cousu main en technique &#8220;soutache&#8221;.<\/div>\n<\/li>\n<li>\n<div>*Le bijou est doubl\u00e9 de cuir d&#8217;agneau.<\/div>\n<\/li>\n<li>\n<div>*Les montures BO sont en laiton dor\u00e9 \u00e0 l&#8217;or fin. Les \u00e9l\u00e9ments m\u00e9talliques sont sans nickel, sans cadmium et sans plomb..<\/div>\n<\/li>\n<li>\n<div>*Bijou livr\u00e9 en bo\u00eete cadeau.<\/div>\n<\/li>\n<\/ul>\n<h3>Dimensions :<\/h3>\n<ul>\n<li>\n<div>*Dimension du motif\u00a0 :8.5cm x 4cm<\/div>\n<\/li>\n<li>\n<div><\/div>\n<\/li>\n<\/ul>\n<h3>Technique utilis\u00e9e :<\/h3>\n<ul>\n<li>\n<div>Montage \u00e0 la soutache &#8211; Bijou cousu main (technique Haute Couture)<\/div>\n<\/li>\n<li>\n<div>*C&#8217;est un mode de sertissage des cabochons. Ils sont coll\u00e9s sur de l&#8217;intiss\u00e9 et les cordons de soutache sont cousus \u00e0 la main tout autour.<\/div>\n<\/li>\n<li>\n<div>*Le design final est obtenu en assemblant les diff\u00e9rentes soutaches entre elles et en leur donnant les mouvements voulus.<\/div>\n<\/li>\n<\/ul>\n","protected":false},"excerpt":{"rendered":"<h4>(Frais de port en plus)<\/h4>\n<h2>\u00a0\u00a0\u00a0\u00a0\u00a0\u00a0\u00a0\u00a0\u00a0\u00a0\u00a0\u00a0\u00a0\u00a0\u00a0\u00a0\u00a0\u00a0\u00a0\u00a0\u00a0\u00a0\u00a0\u00a0\u00a0\u00a0\u00a0\u00a0\u00a0\u00a0 ******<\/h2>\n<h2>Boucles d&#8217;oreilles \u00a0 (montage soutache) :<\/h2>\n<h3>&#8230;cr\u00e9\u00e9es \u00e0 partir de cabochons peints \u00e0 la main sur une base en nacre recouverte de feuille d&#8217;or.<\/h3>\n<div>&#8230;et agr\u00e9ment\u00e9es d&#8217;\u00e9l\u00e9ments pr\u00e9cieux ( cristaux, goutte c\u00e9ramique, fraises en porcelaine froide model\u00e9es \u00e0 la main)<\/div>\n<ul>\n<li>\n<div>Pi\u00e8ce unique<\/div>\n<\/li>\n<\/ul>\n","protected":false},"featured_media":20618,"comment_status":"closed","ping_status":"closed","template":"","meta":[],"product_cat":[17],"product_tag":[],"class_list":["post-20616","product","type-product","status-publish","has-post-thumbnail","hentry","product_cat-non-classe"],"_links":{"self":[{"href":"https:\/\/mamzellepacotille.com\/mamzellehadmin\/index.php\/wp-json\/wp\/v2\/product\/20616"}],"collection":[{"href":"https:\/\/mamzellepacotille.com\/mamzellehadmin\/index.php\/wp-json\/wp\/v2\/product"}],"about":[{"href":"https:\/\/mamzellepacotille.com\/mamzellehadmin\/index.php\/wp-json\/wp\/v2\/types\/product"}],"replies":[{"embeddable":true,"href":"https:\/\/mamzellepacotille.com\/mamzellehadmin\/index.php\/wp-json\/wp\/v2\/comments?post=20616"}],"wp:featuredmedia":[{"embeddable":true,"href":"https:\/\/mamzellepacotille.com\/mamzellehadmin\/index.php\/wp-json\/wp\/v2\/media\/20618"}],"wp:attachment":[{"href":"https:\/\/mamzellepacotille.com\/mamzellehadmin\/index.php\/wp-json\/wp\/v2\/media?parent=20616"}],"wp:term":[{"taxonomy":"product_cat","embeddable":true,"href":"https:\/\/mamzellepacotille.com\/mamzellehadmin\/index.php\/wp-json\/wp\/v2\/product_cat?post=20616"},{"taxonomy":"product_tag","embeddable":true,"href":"https:\/\/mamzellepacotille.com\/mamzellehadmin\/index.php\/wp-json\/wp\/v2\/product_tag?post=20616"}],"curies":[{"name":"wp","href":"https:\/\/api.w.org\/{rel}","templated":true}]}}